 62*g - 1. Let q = 219 - 220. What is the remainder when n(1) is divided by (26/(-65))/(q/40)?
13
Let p(b) = -b**3 - 9*b**2 - 6*b + 23. Let w be p(-11). Let u = w + -313. What is the remainder when 195 is divided by u?
15
Suppose 0 = 11*v + 1 - 23. Suppose -3*c + v*c = -3. Suppose l - c*l + 75 = -s, 2*l - 5*s - 71 = 0. Calculate the remainder when 150 is divided by l.
36
Let c be 1*-3 - (-63 + 0 + 2). Suppose 122 = 5*m - c. Suppose -4*j = -0 - m. Calculate the remainder when j is divided by 2.
1
Let t(d) = -15*d + 42. Suppose 0 = -2*x - 4*y - 16, 0*y = -2*x - 3*y - 11. Calculate the remainder when t(x) is divided by (22/6 + -3)*6.
0
Suppose 593*w - 595*w + 3*x = -38, 0 = w - 3*x - 16. Calculate the remainder when w is divided by 18.
4
Let c = 2 - -16. Let t = -8779 + 8809. Calculate the remainder when t is divided by c.
12
Let u = 33536 + -33471. Calculate the remainder when 1134 is divided by u.
29
Suppose 110 - 104 = x. Suppose -341 = -17*t + x*t. Calculate the remainder when 216 is divided by t.
30
Let p(i) = 7*i**2 + 8*i + 9. Let n(h) = 4*h**2 + 4*h + 4. Let a(r) = -5*n(r) + 3*p(r). What is the remainder when 35 is divided by a(-5)?
11
Let o(g) = -54*g**3 - g**2 + 3*g + 2. Calculate the remainder when 779 is divided by o(-1).
51
Let s(i) = 11*i + i**2 + 3 + 0*i**2 + 28. Let p be s(-7). Suppose p*g + 3 = 0, -4*z - 4*g + 83 = g. Calculate the remainder when z is divided by 14.
8
Let n(c) = 24*c + 1796. What is the remainder when 228 is divided by n(-74)?
8
Let p(g) = 3*g**2 - 16*g - 13. Suppose 15 = j - 4*i - 1, 0 = -3*j + 4*i + 8. Calculate the remainder when p(j) is divided by 51.
48
Let q = 15 - 9. Suppose 3*k - p = 6, -3*k + 0*k + 5*p = -q. What is the remainder when (-1)/(14/18)*(-133)/57 is divided by k?
1
Let j = -8019 + 8923. What is the remainder when j is divided by 26?
20
Suppose 4*d + 5283 = -1317. What is the remainder when 107 is divided by (d/9)/(-5) + 12/(-18)?
35
Suppose 0 = -8*w + 9*w - 4*d + 440, -4*d = 3*w + 1240. What is the remainder when 164 is divided by (10/4 + 1)/((-70)/w)?
17
Let g(n) = 0*n**2 - 4453*n + n**2 + 9 + 4473*n. Calculate the remainder when 296 is divided by g(-20).
8
Let f = -6957 - -6966. Let i = 2 - -21. What is the remainder when i is divided by f?
5
Let p = -144527 + 144555. Suppose -2*b + a + 1282 = -2*a, 0 = 5*b - a - 3205. What is the remainder when b is divided by p?
25
Suppose -8*w + 700 = 2*w. Suppose -w - 63 = -z. What is the remainder when z - ((-4)/(-2) + 1) is divided by 33?
31
Let v(y) = 4*y + 28. Let u be v(4). Suppose -281 = -3*x - u. Calculate the remainder when x is divided by 27.
25
Suppose -13*d = -2*d - 132. Suppose 12*k = d + 1980. Calculate the remainder when k is divided by 56.
54
Let i be -2*1/(-6) - 5/(-3). Suppose 2*u - 55 = -d, -2*u = -i*d - 0*d - 46. What is the remainder when 151 is divided by u?
21
What is the remainder when ((-2)/(-4))/((-2)/(-8) - 35/280) is divided by 2?
0
Let a be (-3)/((-6)/(-2 + 0/4)). Let i(d) = 213*d**2 + 3*d + 3. What is the remainder when i(a) is divided by 6?
3
Let n = 7977 + -7947. Calculate the remainder when (6/(-9))/(10/(-17085)) is divided by n.
29
Let z be (4/6)/(-2) + (-52)/(-3). Let u = -2 + z. Let s(o) = o**2 - o - 14. What is the remainder when s(-6) is divided by u?
13
Let m(g) = 3*g**2 + 54*g + 180. Calculate the remainder when m(-22) is divided by 108.
12
Suppose -171 - 309 = -5*q. Suppose 5*h - q = 4*h. Calculate the remainder when h is divided by 17.
11
Let q = 548 - 647. Let w = q + 104. Calculate the remainder when 20 is divided by w.
0
Let u(h) = -h + 13. Let r(k) = k**2 + 16*k - 4. Let z be r(-16). Calculate the remainder when (-1 + z)*(-867)/85 is divided by u(0).
12
Suppose 23*u = 11*u + 10*u + 146. Calculate the remainder when 2846 is divided by u.
72
What is the remainder when 897 is divided by (-9*(-110)/(-66))/(15/(-18))?
15
Suppose 25*y = 27*y - 2*h - 10612, -3*h = -4*y + 21230. Calculate the remainder when y is divided by 23.
22
Let q = 2868 + -2862. Calculate the remainder when 221 is divided by q.
5
Suppose 14*d = 30*d - 3072. Suppose -4*p = 5*l - 228, 4*p - 9*l = -5*l + d. What is the remainder when p is divided by 11?
8
Let k = -47 - -51. Suppose -k*o = 5*m + 158, m - 3*m - o - 62 = 0. Let t = -5 - m. Calculate the remainder when t is divided by 14.
11
Let y(o) = -5*o**3 + o**2 + 2*o + 4. Let w be y(2). Let t be (-8)/w + (-80)/(-14). Suppose 70 = t*r - 26. Calculate the remainder when 61 is divided by r.
13
Suppose -4*d = 5*y + 6, -d - 5*y = -4*y + 2. Let o be (-3)/(6/(-10)) + d. What is the remainder when 81 is divided by 1/(1/14*o)?
11
What is the remainder when 6/3*294/196 is divided by (-8)/(-14) + (-12)/(-28)?
0
Let w = -437 + 432. What is the remainder when w/1*((-7)/(-1) + -14) is divided by 32?
3
Let h(g) = -3*g + 763. Calculate the remainder when 2651 is divided by h(-40).
2
Let w = 22330 - 22148. Calculate the remainder when 193 is divided by w.
11
Let m(q) = 6 + q - 1 - 3 + q**2. Calculate the remainder when (-41)/41*(1 + 4) + 9 is divided by m(0).
0
Let d = -23367 + 25583. Calculate the remainder when d is divided by 13.
6
Suppose 0 = 5*p + 5*w - 3790, -12*w + 5 = -17*w. What is the remainder when p is divided by 38?
37
Suppose -26 = -15*i + 2*i. Suppose 0 = -2*n - 4*u + 40, -3*n - i*u + 5*u = -60. What is the remainder when 279 is divided by n?
19
Suppose 337586 = 6*p + 21*p - 30991. Calculate the remainder when p is divided by 123.
121
Suppose -357 = 294*g - 311*g. Suppose 4*q - 284 = 2*v, 4*q + 2*v = -2*v + 296. Calculate the remainder when q is divided by g.
9
Suppose 584 = 4*w - 4*k, -2228*w - 570 = -2232*w - 3*k. Calculate the remainder when w is divided by 35.
4
Suppose 16752 = -202*r - 8930 + 145670. What is the remainder when r is divided by 119?
118
Let t(w) = 2*w**2 + 16*w + 13. Let r = -563 + 555. What is the remainder when 322 is divided by t(r)?
10
Let u = -163093 - -163109. Let m(y) = -33*y - 3. What is the remainder when m(-2) is divided by u?
15
Suppose 186*i - 44013 = 18483. What is the remainder when i is divided by 98?
42
Suppose -101 + 364 = -3*q + 4*c, -2*q + 5*c - 166 = 0. Let b = q + 105. Calculate the remainder when ((-1)/2)/((-7)/812) is divided by b.
10
Let y be 1 + -2 + (-1036)/(-37). Suppose j - 4*j = -y. Calculate the remainder when 62 is divided by j.
8
Suppose i = p - 324, 0 = -12*i + 7*i. Calculate the remainder when p is divided by 35.
9
Let j(m) = -m**2 + m + 4. Let z be j(-6). Let o = z - -71. Calculate the remainder when 130 is divided by o.
31
Suppose 2179*f - 2180*f = -805. What is the remainder when f is divided by 27?
22
Let b(s) = -s**3 - 29*s**2 + 3*s + 102. Calculate the remainder when 23 is divided by b(-29).
8
Calculate the remainder when 362 is divided by (-3 - 90/(-24))*44 + -9.
2
Let x(m) = 95*m + 4091. What is the remainder when x(-42) is divided by 12?
5
Let k(q) = -1 - 2*q + 2 + 2*q**2 - 3. Suppose 741 = -46*g + 337*g - 44*g. What is the remainder when 68 is divided by k(g)?
8
Let u = -20 + 22. Let d(g) = 34*g - 1. Let j(m) = -35*m + 2. Let z(f) = u*d(f) + 3*j(f). What is the remainder when z(-1) is divided by 21?
20
Suppose v + 134*p = 130*p + 78, v - 4*p = 78. Calculate the remainder when 1168 is divided by v.
76
Calculate the remainder when 525 is divided by (2280/36 - 12)*(15/21 + 1).
85
Let s = 487 + -320. Let d be 6 - (6 + -2 - 157). Suppose d - 431 = -8*m. What is the remainder when s is divided by m?
31
Let y(z) = -466*z + 136. Let q be y(4). What is the remainder when -1 + 6 + (7 - q/9) is divided by 62?
18
Let j(y) be the second derivative of 8*y**3/3 - 177*y**2/2 + 41*y + 4. Calculate the remainder when 70 is divided by j(12).
10
Let l be 534/78 - 2/(-13). Suppose x - 3 = l. What is the remainder when 0 - -14 - 30 - -44 is divided by x?
8
Let g = -11637 - -12070. What is the remainder when g is divided by 94?
57
Let c = -12 + 15. Suppose -4*f = -9*f - 3*m + 559, c*f - m - 341 = 0. Suppose f + 67 = 5*s. What is the remainder when s is divided by 13?
10
Let b(c) = -c**3 - 16*c**2 + 32*c + 16. Let s be ((-6)/(-5))/((-1)/45*3). Calculate the remainder when b(s) is divided by 28.
4
Let z be (-2 + (-54)/(-12))*32/10. Suppose 5*n - 57 = -g, -5*g = -g - z. What is the remainder when 130 is divided by n?
9
Let l(z) = -4*z**2 + 10 + 12*z + 2*z +